{"id":83,"date":"2015-05-08T18:54:38","date_gmt":"2015-05-08T18:54:38","guid":{"rendered":"http:\/\/naprawiacz.com.pl\/?page_id=83"},"modified":"2019-02-14T18:42:28","modified_gmt":"2019-02-14T18:42:28","slug":"tarasy-balkony","status":"publish","type":"page","link":"https:\/\/naprawiacz.com.pl\/?page_id=83","title":{"rendered":"Tarasy-balkony"},"content":{"rendered":"\n<p>Nasza firma wykonuje  naprawy uszkodzonych, zniszczonych taras\u00f3w i balkon\u00f3w. Posiadamy du\u017ce do\u015bwiadczenie w modernizacji, naprawie i przebudowie taras\u00f3w. <\/p>\n\n\n\n<p>Poni\u017cej  zdj\u0119cia uszkodzonych i naprawionych taras\u00f3w oraz balkon\u00f3w.<\/p>\n\n\n\n<ul class=\"wp-block-gallery columns-3 is-cropped wp-block-gallery-1 is-layout-flex wp-block-gallery-is-layout-flex\"><li class=\"blocks-gallery-item\"><figure><img loading=\"lazy\" decoding=\"async\" width=\"1024\" height=\"768\" src=\"http:\/\/naprawiacz.com.pl\/wp-content\/uploads\/2019\/02\/DSC_0028-1024x768.jpg\" alt=\"\" data-id=\"723\" data-link=\"http:\/\/naprawiacz.com.pl\/porady-rozne\/porady\/tarasy-balkony\/attachment\/dsc_0028\/\" class=\"wp-image-723\" srcset=\"https:\/\/naprawiacz.com.pl\/wp-content\/uploads\/2019\/02\/DSC_0028.jpg 1024w, https:\/\/naprawiacz.com.pl\/wp-content\/uploads\/2019\/02\/DSC_0028-300x225.jpg 300w, https:\/\/naprawiacz.com.pl\/wp-content\/uploads\/2019\/02\/DSC_0028-768x576.jpg 768w\" sizes=\"auto, (max-width: 1024px) 100vw, 1024px\" \/><\/figure><\/li><li class=\"blocks-gallery-item\"><figure><img loading=\"lazy\" decoding=\"async\" width=\"1024\" height=\"682\" src=\"http:\/\/naprawiacz.com.pl\/wp-content\/uploads\/2019\/02\/DSC00606-1024x682.jpg\" alt=\"\" data-id=\"724\" data-link=\"http:\/\/naprawiacz.com.pl\/porady-rozne\/porady\/tarasy-balkony\/attachment\/dsc00606\/\" class=\"wp-image-724\" srcset=\"https:\/\/naprawiacz.com.pl\/wp-content\/uploads\/2019\/02\/DSC00606.jpg 1024w, https:\/\/naprawiacz.com.pl\/wp-content\/uploads\/2019\/02\/DSC00606-300x200.jpg 300w, https:\/\/naprawiacz.com.pl\/wp-content\/uploads\/2019\/02\/DSC00606-768x512.jpg 768w\" sizes=\"auto, (max-width: 1024px) 100vw, 1024px\" \/><\/figure><\/li><li class=\"blocks-gallery-item\"><figure><img loading=\"lazy\" decoding=\"async\" width=\"1024\" height=\"682\" src=\"http:\/\/naprawiacz.com.pl\/wp-content\/uploads\/2019\/02\/DSC00607-1024x682.jpg\" alt=\"\" data-id=\"725\" data-link=\"http:\/\/naprawiacz.com.pl\/porady-rozne\/porady\/tarasy-balkony\/attachment\/dsc00607\/\" class=\"wp-image-725\" srcset=\"https:\/\/naprawiacz.com.pl\/wp-content\/uploads\/2019\/02\/DSC00607.jpg 1024w, https:\/\/naprawiacz.com.pl\/wp-content\/uploads\/2019\/02\/DSC00607-300x200.jpg 300w, https:\/\/naprawiacz.com.pl\/wp-content\/uploads\/2019\/02\/DSC00607-768x512.jpg 768w\" sizes=\"auto, (max-width: 1024px) 100vw, 1024px\" \/><\/figure><\/li><li class=\"blocks-gallery-item\"><figure><img loading=\"lazy\" decoding=\"async\" width=\"1024\" height=\"682\" src=\"http:\/\/naprawiacz.com.pl\/wp-content\/uploads\/2019\/02\/DSC00609-1024x682.jpg\" alt=\"\" data-id=\"726\" data-link=\"http:\/\/naprawiacz.com.pl\/porady-rozne\/porady\/tarasy-balkony\/attachment\/dsc00609\/\" class=\"wp-image-726\" srcset=\"https:\/\/naprawiacz.com.pl\/wp-content\/uploads\/2019\/02\/DSC00609.jpg 1024w, https:\/\/naprawiacz.com.pl\/wp-content\/uploads\/2019\/02\/DSC00609-300x200.jpg 300w, https:\/\/naprawiacz.com.pl\/wp-content\/uploads\/2019\/02\/DSC00609-768x512.jpg 768w\" sizes=\"auto, (max-width: 1024px) 100vw, 1024px\" \/><\/figure><\/li><li class=\"blocks-gallery-item\"><figure><img loading=\"lazy\" decoding=\"async\" width=\"1024\" height=\"682\" src=\"http:\/\/naprawiacz.com.pl\/wp-content\/uploads\/2019\/02\/DSC00612-1024x682.jpg\" alt=\"\" data-id=\"727\" data-link=\"http:\/\/naprawiacz.com.pl\/porady-rozne\/porady\/tarasy-balkony\/attachment\/dsc00612\/\" class=\"wp-image-727\" srcset=\"https:\/\/naprawiacz.com.pl\/wp-content\/uploads\/2019\/02\/DSC00612.jpg 1024w, https:\/\/naprawiacz.com.pl\/wp-content\/uploads\/2019\/02\/DSC00612-300x200.jpg 300w, https:\/\/naprawiacz.com.pl\/wp-content\/uploads\/2019\/02\/DSC00612-768x512.jpg 768w\" sizes=\"auto, (max-width: 1024px) 100vw, 1024px\" \/><\/figure><\/li><li class=\"blocks-gallery-item\"><figure><img loading=\"lazy\" decoding=\"async\" width=\"682\" height=\"1024\" src=\"http:\/\/naprawiacz.com.pl\/wp-content\/uploads\/2019\/02\/DSC00616-682x1024.jpg\" alt=\"\" data-id=\"728\" data-link=\"http:\/\/naprawiacz.com.pl\/porady-rozne\/porady\/tarasy-balkony\/attachment\/dsc00616\/\" class=\"wp-image-728\" srcset=\"https:\/\/naprawiacz.com.pl\/wp-content\/uploads\/2019\/02\/DSC00616.jpg 682w, https:\/\/naprawiacz.com.pl\/wp-content\/uploads\/2019\/02\/DSC00616-200x300.jpg 200w\" sizes=\"auto, (max-width: 682px) 100vw, 682px\" \/><\/figure><\/li><li class=\"blocks-gallery-item\"><figure><img loading=\"lazy\" decoding=\"async\" width=\"1024\" height=\"682\" src=\"http:\/\/naprawiacz.com.pl\/wp-content\/uploads\/2019\/02\/DSC00622-1024x682.jpg\" alt=\"\" data-id=\"729\" data-link=\"http:\/\/naprawiacz.com.pl\/porady-rozne\/porady\/tarasy-balkony\/attachment\/dsc00622\/\" class=\"wp-image-729\" srcset=\"https:\/\/naprawiacz.com.pl\/wp-content\/uploads\/2019\/02\/DSC00622.jpg 1024w, https:\/\/naprawiacz.com.pl\/wp-content\/uploads\/2019\/02\/DSC00622-300x200.jpg 300w, https:\/\/naprawiacz.com.pl\/wp-content\/uploads\/2019\/02\/DSC00622-768x512.jpg 768w\" sizes=\"auto, (max-width: 1024px) 100vw, 1024px\" \/><\/figure><\/li><li class=\"blocks-gallery-item\"><figure><img loading=\"lazy\" decoding=\"async\" width=\"1024\" height=\"682\" src=\"http:\/\/naprawiacz.com.pl\/wp-content\/uploads\/2019\/02\/DSC00638-1024x682.jpg\" alt=\"\" data-id=\"730\" data-link=\"http:\/\/naprawiacz.com.pl\/porady-rozne\/porady\/tarasy-balkony\/attachment\/dsc00638\/\" class=\"wp-image-730\" srcset=\"https:\/\/naprawiacz.com.pl\/wp-content\/uploads\/2019\/02\/DSC00638.jpg 1024w, https:\/\/naprawiacz.com.pl\/wp-content\/uploads\/2019\/02\/DSC00638-300x200.jpg 300w, https:\/\/naprawiacz.com.pl\/wp-content\/uploads\/2019\/02\/DSC00638-768x512.jpg 768w\" sizes=\"auto, (max-width: 1024px) 100vw, 1024px\" \/><\/figure><\/li><li class=\"blocks-gallery-item\"><figure><img loading=\"lazy\" decoding=\"async\" width=\"1024\" height=\"891\" src=\"http:\/\/naprawiacz.com.pl\/wp-content\/uploads\/2019\/02\/DSC00648-1024x891.jpg\" alt=\"\" data-id=\"731\" data-link=\"http:\/\/naprawiacz.com.pl\/porady-rozne\/porady\/tarasy-balkony\/attachment\/dsc00648\/\" class=\"wp-image-731\" srcset=\"https:\/\/naprawiacz.com.pl\/wp-content\/uploads\/2019\/02\/DSC00648.jpg 1024w, https:\/\/naprawiacz.com.pl\/wp-content\/uploads\/2019\/02\/DSC00648-300x261.jpg 300w, https:\/\/naprawiacz.com.pl\/wp-content\/uploads\/2019\/02\/DSC00648-768x668.jpg 768w\" sizes=\"auto, (max-width: 1024px) 100vw, 1024px\" \/><\/figure><\/li><li class=\"blocks-gallery-item\"><figure><img loading=\"lazy\" decoding=\"async\" width=\"1024\" height=\"682\" src=\"http:\/\/naprawiacz.com.pl\/wp-content\/uploads\/2019\/02\/DSC00649-1024x682.jpg\" alt=\"\" data-id=\"732\" data-link=\"http:\/\/naprawiacz.com.pl\/porady-rozne\/porady\/tarasy-balkony\/attachment\/dsc00649\/\" class=\"wp-image-732\" srcset=\"https:\/\/naprawiacz.com.pl\/wp-content\/uploads\/2019\/02\/DSC00649.jpg 1024w, https:\/\/naprawiacz.com.pl\/wp-content\/uploads\/2019\/02\/DSC00649-300x200.jpg 300w, https:\/\/naprawiacz.com.pl\/wp-content\/uploads\/2019\/02\/DSC00649-768x512.jpg 768w\" sizes=\"auto, (max-width: 1024px) 100vw, 1024px\" \/><\/figure><\/li><li class=\"blocks-gallery-item\"><figure><img loading=\"lazy\" decoding=\"async\" width=\"1024\" height=\"682\" src=\"http:\/\/naprawiacz.com.pl\/wp-content\/uploads\/2019\/02\/DSC00658-1024x682.jpg\" alt=\"\" data-id=\"733\" data-link=\"http:\/\/naprawiacz.com.pl\/porady-rozne\/porady\/tarasy-balkony\/attachment\/dsc00658\/\" class=\"wp-image-733\" srcset=\"https:\/\/naprawiacz.com.pl\/wp-content\/uploads\/2019\/02\/DSC00658.jpg 1024w, https:\/\/naprawiacz.com.pl\/wp-content\/uploads\/2019\/02\/DSC00658-300x200.jpg 300w, https:\/\/naprawiacz.com.pl\/wp-content\/uploads\/2019\/02\/DSC00658-768x512.jpg 768w\" sizes=\"auto, (max-width: 1024px) 100vw, 1024px\" \/><\/figure><\/li><li class=\"blocks-gallery-item\"><figure><img loading=\"lazy\" decoding=\"async\" width=\"1024\" height=\"682\" src=\"http:\/\/naprawiacz.com.pl\/wp-content\/uploads\/2019\/02\/DSC00659-1024x682.jpg\" alt=\"\" data-id=\"734\" data-link=\"http:\/\/naprawiacz.com.pl\/porady-rozne\/porady\/tarasy-balkony\/attachment\/dsc00659\/\" class=\"wp-image-734\" srcset=\"https:\/\/naprawiacz.com.pl\/wp-content\/uploads\/2019\/02\/DSC00659.jpg 1024w, https:\/\/naprawiacz.com.pl\/wp-content\/uploads\/2019\/02\/DSC00659-300x200.jpg 300w, https:\/\/naprawiacz.com.pl\/wp-content\/uploads\/2019\/02\/DSC00659-768x512.jpg 768w\" sizes=\"auto, (max-width: 1024px) 100vw, 1024px\" \/><\/figure><\/li><li class=\"blocks-gallery-item\"><figure><img loading=\"lazy\" decoding=\"async\" width=\"1024\" height=\"682\" src=\"http:\/\/naprawiacz.com.pl\/wp-content\/uploads\/2019\/02\/DSC00660-1024x682.jpg\" alt=\"\" data-id=\"735\" data-link=\"http:\/\/naprawiacz.com.pl\/porady-rozne\/porady\/tarasy-balkony\/attachment\/dsc00660\/\" class=\"wp-image-735\" srcset=\"https:\/\/naprawiacz.com.pl\/wp-content\/uploads\/2019\/02\/DSC00660.jpg 1024w, https:\/\/naprawiacz.com.pl\/wp-content\/uploads\/2019\/02\/DSC00660-300x200.jpg 300w, https:\/\/naprawiacz.com.pl\/wp-content\/uploads\/2019\/02\/DSC00660-768x512.jpg 768w\" sizes=\"auto, (max-width: 1024px) 100vw, 1024px\" \/><\/figure><\/li><li class=\"blocks-gallery-item\"><figure><img loading=\"lazy\" decoding=\"async\" width=\"1024\" height=\"682\" src=\"http:\/\/naprawiacz.com.pl\/wp-content\/uploads\/2019\/02\/DSC00731-1024x682.jpg\" alt=\"\" data-id=\"736\" data-link=\"http:\/\/naprawiacz.com.pl\/porady-rozne\/porady\/tarasy-balkony\/attachment\/dsc00731\/\" class=\"wp-image-736\" srcset=\"https:\/\/naprawiacz.com.pl\/wp-content\/uploads\/2019\/02\/DSC00731.jpg 1024w, https:\/\/naprawiacz.com.pl\/wp-content\/uploads\/2019\/02\/DSC00731-300x200.jpg 300w, https:\/\/naprawiacz.com.pl\/wp-content\/uploads\/2019\/02\/DSC00731-768x512.jpg 768w\" sizes=\"auto, (max-width: 1024px) 100vw, 1024px\" \/><\/figure><\/li><li class=\"blocks-gallery-item\"><figure><img loading=\"lazy\" decoding=\"async\" width=\"1024\" height=\"768\" src=\"http:\/\/naprawiacz.com.pl\/wp-content\/uploads\/2019\/02\/IMG_20150522_093137-1024x768.jpg\" alt=\"\" data-id=\"737\" data-link=\"http:\/\/naprawiacz.com.pl\/porady-rozne\/porady\/tarasy-balkony\/attachment\/img_20150522_093137\/\" class=\"wp-image-737\" srcset=\"https:\/\/naprawiacz.com.pl\/wp-content\/uploads\/2019\/02\/IMG_20150522_093137-1024x768.jpg 1024w, https:\/\/naprawiacz.com.pl\/wp-content\/uploads\/2019\/02\/IMG_20150522_093137-300x225.jpg 300w, https:\/\/naprawiacz.com.pl\/wp-content\/uploads\/2019\/02\/IMG_20150522_093137-768x576.jpg 768w, https:\/\/naprawiacz.com.pl\/wp-content\/uploads\/2019\/02\/IMG_20150522_093137.jpg 1200w\" sizes=\"auto, (max-width: 1024px) 100vw, 1024px\" \/><\/figure><\/li><li class=\"blocks-gallery-item\"><figure><img loading=\"lazy\" decoding=\"async\" width=\"1024\" height=\"768\" src=\"http:\/\/naprawiacz.com.pl\/wp-content\/uploads\/2019\/02\/IMG_20150825_162957-1024x768.jpg\" alt=\"\" data-id=\"738\" data-link=\"http:\/\/naprawiacz.com.pl\/porady-rozne\/porady\/tarasy-balkony\/attachment\/img_20150825_162957\/\" class=\"wp-image-738\" srcset=\"https:\/\/naprawiacz.com.pl\/wp-content\/uploads\/2019\/02\/IMG_20150825_162957-1024x768.jpg 1024w, https:\/\/naprawiacz.com.pl\/wp-content\/uploads\/2019\/02\/IMG_20150825_162957-300x225.jpg 300w, https:\/\/naprawiacz.com.pl\/wp-content\/uploads\/2019\/02\/IMG_20150825_162957-768x576.jpg 768w, https:\/\/naprawiacz.com.pl\/wp-content\/uploads\/2019\/02\/IMG_20150825_162957.jpg 1200w\" sizes=\"auto, (max-width: 1024px) 100vw, 1024px\" \/><\/figure><\/li><\/ul>\n","protected":false},"excerpt":{"rendered":"<p>Nasza firma wykonuje naprawy uszkodzonych, zniszczonych taras\u00f3w i balkon\u00f3w. Posiadamy du\u017ce do\u015bwiadczenie w modernizacji, naprawie i przebudowie taras\u00f3w. Poni\u017cej zdj\u0119cia uszkodzonych i naprawionych taras\u00f3w oraz balkon\u00f3w.<\/p>\n","protected":false},"author":2,"featured_media":0,"parent":194,"menu_order":0,"comment_status":"closed","ping_status":"closed","template":"","meta":{"footnotes":""},"class_list":["post-83","page","type-page","status-publish","hentry"],"aioseo_notices":[],"_links":{"self":[{"href":"https:\/\/naprawiacz.com.pl\/index.php?rest_route=\/wp\/v2\/pages\/83","targetHints":{"allow":["GET"]}}],"collection":[{"href":"https:\/\/naprawiacz.com.pl\/index.php?rest_route=\/wp\/v2\/pages"}],"about":[{"href":"https:\/\/naprawiacz.com.pl\/index.php?rest_route=\/wp\/v2\/types\/page"}],"author":[{"embeddable":true,"href":"https:\/\/naprawiacz.com.pl\/index.php?rest_route=\/wp\/v2\/users\/2"}],"replies":[{"embeddable":true,"href":"https:\/\/naprawiacz.com.pl\/index.php?rest_route=%2Fwp%2Fv2%2Fcomments&post=83"}],"version-history":[{"count":5,"href":"https:\/\/naprawiacz.com.pl\/index.php?rest_route=\/wp\/v2\/pages\/83\/revisions"}],"predecessor-version":[{"id":744,"href":"https:\/\/naprawiacz.com.pl\/index.php?rest_route=\/wp\/v2\/pages\/83\/revisions\/744"}],"up":[{"embeddable":true,"href":"https:\/\/naprawiacz.com.pl\/index.php?rest_route=\/wp\/v2\/pages\/194"}],"wp:attachment":[{"href":"https:\/\/naprawiacz.com.pl\/index.php?rest_route=%2Fwp%2Fv2%2Fmedia&parent=83"}],"curies":[{"name":"wp","href":"https:\/\/api.w.org\/{rel}","templated":true}]}}