{"id":752,"date":"2019-04-10T19:23:30","date_gmt":"2019-04-10T19:23:30","guid":{"rendered":"http:\/\/naprawiacz.com.pl\/?page_id=752"},"modified":"2022-10-30T20:42:28","modified_gmt":"2022-10-30T20:42:28","slug":"remonty-malowanie-mieszkan","status":"publish","type":"page","link":"https:\/\/naprawiacz.com.pl\/?page_id=752","title":{"rendered":"Remonty  malowanie mieszka\u0144 biur."},"content":{"rendered":"\r\n<figure class=\"wp-block-image size-medium\"><img loading=\"lazy\" decoding=\"async\" width=\"200\" height=\"300\" class=\"wp-image-772\" src=\"http:\/\/naprawiacz.com.pl\/wp-content\/uploads\/2019\/04\/DSC08505-200x300.jpg\" alt=\"Z\u0142ota R\u0105czka\" srcset=\"https:\/\/naprawiacz.com.pl\/wp-content\/uploads\/2019\/04\/DSC08505-200x300.jpg 200w, https:\/\/naprawiacz.com.pl\/wp-content\/uploads\/2019\/04\/DSC08505.jpg 682w\" sizes=\"auto, (max-width: 200px) 100vw, 200px\" \/>\r\n<figcaption>Pok\u00f3j po zdj\u0119ciu zabezpiecze\u0144<\/figcaption>\r\n<\/figure>\r\n\r\n\r\n\r\n<p>\u00a0 \u00a0 Poniewa\u017c malowanie mieszkania to jak si\u0119 wydaje na poz\u00f3r prosta czynno\u015b\u0107.\u00a0 A zatem wystarczy wzi\u0105\u0107 farb\u0119 i malowa\u0107. Nic bardziej mylnego.\u00a0<\/p>\r\n<p>Dlatego malowanie mieszkania czy remont jest wa\u017cnym aspektem bez w\u0105tpienia.\u00a0 Dlatego czynno\u015bci przygotowawcze &#8211; kt\u00f3re s\u0142u\u017c\u0105 do przygotowania \u015bcian i sufit\u00f3w do naprawy pow\u0142ok malarskich s\u0105 tak wa\u017cne.<\/p>\r\n\r\n\r\n\r\n\r\n\r\n<p>Je\u015bli nie w\u0142a\u015bciwie przygotujemy pomieszczenie to i efekt naszego remontu b\u0119dzie mizerny lub \u017caden.<\/p>\r\n\r\n\r\n\r\n<p>Najpierw zabezpieczamy nasze mieszkanie przed uszkodzeniami. Do zabezpieczenia naszego mieszkania u\u017cywamy ta\u015bmy foli i tektury.<\/p>\r\n\r\n\r\n\r\n<figure class=\"wp-block-image size-medium\"><img loading=\"lazy\" decoding=\"async\" width=\"300\" height=\"225\" class=\"wp-image-759\" src=\"http:\/\/naprawiacz.com.pl\/wp-content\/uploads\/2019\/04\/DSC_0081-300x225.jpg\" alt=\"\" srcset=\"https:\/\/naprawiacz.com.pl\/wp-content\/uploads\/2019\/04\/DSC_0081-300x225.jpg 300w, https:\/\/naprawiacz.com.pl\/wp-content\/uploads\/2019\/04\/DSC_0081-768x576.jpg 768w, https:\/\/naprawiacz.com.pl\/wp-content\/uploads\/2019\/04\/DSC_0081.jpg 1024w\" sizes=\"auto, (max-width: 300px) 100vw, 300px\" \/>\r\n<figcaption>Usuwanie starych pow\u0142ok malarskich<\/figcaption>\r\n<\/figure>\r\n\r\n\r\n\r\n<figure class=\"wp-block-image size-large is-resized\"><img loading=\"lazy\" decoding=\"async\" class=\"wp-image-766\" src=\"http:\/\/naprawiacz.com.pl\/wp-content\/uploads\/2019\/04\/DSC01440-1024x682.jpg\" alt=\"Z\u0142ota R\u0105czka\" width=\"512\" height=\"341\" srcset=\"https:\/\/naprawiacz.com.pl\/wp-content\/uploads\/2019\/04\/DSC01440.jpg 1024w, https:\/\/naprawiacz.com.pl\/wp-content\/uploads\/2019\/04\/DSC01440-300x200.jpg 300w, https:\/\/naprawiacz.com.pl\/wp-content\/uploads\/2019\/04\/DSC01440-768x512.jpg 768w\" sizes=\"auto, (max-width: 512px) 100vw, 512px\" \/>\r\n<figcaption>kuchnia po remoncie a przed monta\u017cem szafek<\/figcaption>\r\n<\/figure>\r\n","protected":false},"excerpt":{"rendered":"<p>\u00a0 \u00a0 Poniewa\u017c malowanie mieszkania to jak si\u0119 wydaje na poz\u00f3r prosta czynno\u015b\u0107.\u00a0 A zatem wystarczy wzi\u0105\u0107 farb\u0119 i malowa\u0107. Nic bardziej mylnego.\u00a0 Dlatego malowanie mieszkania czy remont jest wa\u017cnym&hellip; <\/p>\n","protected":false},"author":2,"featured_media":772,"parent":0,"menu_order":0,"comment_status":"closed","ping_status":"closed","template":"","meta":{"footnotes":""},"class_list":["post-752","page","type-page","status-publish","has-post-thumbnail","hentry"],"aioseo_notices":[],"_links":{"self":[{"href":"https:\/\/naprawiacz.com.pl\/index.php?rest_route=\/wp\/v2\/pages\/752","targetHints":{"allow":["GET"]}}],"collection":[{"href":"https:\/\/naprawiacz.com.pl\/index.php?rest_route=\/wp\/v2\/pages"}],"about":[{"href":"https:\/\/naprawiacz.com.pl\/index.php?rest_route=\/wp\/v2\/types\/page"}],"author":[{"embeddable":true,"href":"https:\/\/naprawiacz.com.pl\/index.php?rest_route=\/wp\/v2\/users\/2"}],"replies":[{"embeddable":true,"href":"https:\/\/naprawiacz.com.pl\/index.php?rest_route=%2Fwp%2Fv2%2Fcomments&post=752"}],"version-history":[{"count":15,"href":"https:\/\/naprawiacz.com.pl\/index.php?rest_route=\/wp\/v2\/pages\/752\/revisions"}],"predecessor-version":[{"id":887,"href":"https:\/\/naprawiacz.com.pl\/index.php?rest_route=\/wp\/v2\/pages\/752\/revisions\/887"}],"wp:featuredmedia":[{"embeddable":true,"href":"https:\/\/naprawiacz.com.pl\/index.php?rest_route=\/wp\/v2\/media\/772"}],"wp:attachment":[{"href":"https:\/\/naprawiacz.com.pl\/index.php?rest_route=%2Fwp%2Fv2%2Fmedia&parent=752"}],"curies":[{"name":"wp","href":"https:\/\/api.w.org\/{rel}","templated":true}]}}